 122. Suppose p = 56*i - 48*i. Let f(q) = -q**3 - q**2 + q - 15. Give f(i).
-15
Let a(t) = t**3 + 3*t**2 - 11*t - 15. Suppose 4 + 28 = -8*q. Determine a(q).
13
Let p(u) = -u**3 - 5*u**2 - 4*u - 3. Let z be p(-4). Let d(k) = 6*k**2 - 13*k - 9. Let a be d(6). Let i(c) = 3*c + 2 + 58*c**2 - a*c**2 + 72*c**2. What is i(z)?
2
Let c(a) = -a - 1. Let y(f) = -105 - 63 - 35 - 11*f + 3 + 4. Let x be y(-19). Give c(x).
-14
Let s = 2587 + -2583. Let i(b) = -3*b**3 + 5*b**2 - b - 5. What is i(s)?
-121
Let r(m) = 9*m - 23. Let b(f) = 4*f - 11. Let u(v) = -7*b(v) + 3*r(v). Let w(t) = 3*t - 203. Let p be w(70). Calculate u(p).
1
Let f(n) = -n**2 + n + 13. Let l be f(0). Suppose -l*r = -16*r - 6. Let o(j) = -6*j - 4. Give o(r).
8
Let g(k) be the second derivative of -k**3/6 + 4*k**2 + 66720*k - 2. Suppose -3*r = 4 - 10. Determine g(r).
6
Suppose -13*w + 6*w = 28. Let o = -10 + 14. Let g(u) = 1 + 3*u**2 + o + 4*u - 2 - u**2. Determine g(w).
19
Let f(r) = -42*r - 9. Let d(c) = 4 - 370*c - 356*c + 745*c. Let t(u) = -5*d(u) - 2*f(u). Determine t(-1).
9
Let u = -6 - -10. Let y = 326 - 324. Let z(n) = 3 - 7122*n + 1 - n**3 + y*n**3 - 5*n**2 + 7126*n. Determine z(u).
4
Let c(k) be the first derivative of 2*k**3/3 + 24*k**2 + 48*k + 619. Give c(-23).
2
Let s(r) = r**2 + 9*r + 6. Let a = 571 + -582. Let c(x) = 6*x**2 + 46*x + 32. Let d(h) = a*s(h) + 2*c(h). Give d(8).
6
Let d(f) be the third derivative of 3*f**4/8 - 101*f**3/3 - 4*f**2 - 23. Calculate d(22).
-4
Let k(q) be the second derivative of q**3/6 - 25*q**2/2 - 41*q. Let a be k(28). Let o(m) = 30 + 7*m**2 - 49 + 25 - 4*m**3 + a*m**3 + 7*m. Give o(8).
-2
Let h be ((-2)/6)/(4/36) - -13. Let c be (-20)/((-63)/45 + (-6)/h). Let z(m) = -25*m + 11*m + 3 + m**3 - m**2 + c*m. Calculate z(3).
9
Let z be -2 + 1 + 5/2*6. Let g(o) = 4*o - 62. Let a be g(z). Let w(v) = -v**3 - 7*v**2 - 6*v - 2. Determine w(a).
-2
Let c(o) = o**3 - 11*o + 3. Let k(m) = 14*m**3 + m**2 + 44*m - 13. Let i(l) = -4*c(l) - k(l). Suppose 4*a = -4 - 0. Calculate i(a).
18
Suppose 23*o - 15 = 20*o. Let g = 106 + -76. Let i(d) = d**3 + g*d + 2 + 21*d - 49*d - o*d**2. Give i(4).
-6
Let n(d) = d - 30179970*d**2 + 15 + 30179969*d**2 - 14. Suppose 13 - 3 = -5*k. Determine n(k).
-5
Let x(c) = -c**3 + 7*c**2 - 7*c - 6. Let w = -668 + 674. Calculate x(w).
-12
Suppose 107 + 113 = 22*o. Suppose 20*x = 15*x + o. Let b(k) = k**3 + 2*k - 2. Calculate b(x).
10
Let d(x) = 10*x - 10*x - 4*x - 9 - 26*x - 28*x. Determine d(1).
-67
Suppose 45*m - 47*m = -4. Let g(q) = -5*q**m + 68 + 7*q - 77 + 4*q**2 + q. Suppose 5*a - 25 = r, r + 15 = 4*r. Determine g(a).
3
Suppose 5*z + 2*s - 34 - 9 = 0, -4*s + 23 = z. Let j(i) = 11 + 15 - i + 16 + 9 - 50. Determine j(z).
-6
Let z(w) = w**3 + 3*w**2 - 5*w - 2. Suppose 0 = -13*r + 252 - 96. Suppose -9*o - 48 = -r. What is z(o)?
2
Let m be (-24)/(-42) + 96/28. Suppose 2*o - 9 = o - 4*z, 20 = -m*o - 2*z. Let g(r) be the first derivative of r**2/2 + 13*r - 1. Calculate g(o).
6
Suppose 2*d = 10, 0 = -4*v + 4*d - 37 + 1. Suppose u - 6 = -u - 4*m, -4*m - 9 = -3*u. Let z(t) = -t + 0*t - u - 6. What is z(v)?
-5
Let r(z) be the third derivative of -z**2 + 0*z + 1/2*z**3 + 1/4*z**4 + 5 + 1/20*z**5 - 1/120*z**6. Let w(p) = -2*p - 9. Let t be w(-7). Determine r(t).
-17
Let q(h) be the first derivative of h**4/4 + 7*h**3/3 + 4*h**2 + 7*h + 418. Calculate q(-5).
17
Let q(b) be the third derivative of -b**6/60 - b**5/20 + b**3/3 - 2*b**2. Let h be 19/3*(0 + -2 + 5). Suppose -20*p - h = 21. Give q(p).
6
Let f be -1*((0 - 134) + 3). Suppose -111 = 4*v - f. Let g(d) = 4*d - 1. Calculate g(v).
19
Let k(i) = 3*i**2 + 254*i + 2444. Let o be k(-11). Let n(c) = -2*c + 16. Calculate n(o).
-10
Let n(t) = t**2 + 8*t + 10. Let j(s) = 25*s + 227. Let r be j(-8). Suppose 0 = 3*m + x + 25, m - 6*m + 2*x = r. Calculate n(m).
3
Let i = 86 + -87. Let w be 0/(i - 2) - -14. Let y(a) = 11 - 5*a + 553*a**2 - 552*a**2 + w*a. Determine y(-8).
3
Let r be 2/3 + (-1)/(-3). Let p be -2*(1 + -3 + 4). Let o(m) = m**2 - 3*m - 12. Let n(g) = g**2 - g - 4. Let x(y) = p*o(y) + 12*n(y). Calculate x(r).
8
Let w(x) = -12*x. Let o be w(-1). Let c(n) = 16*n - 44*n + 15*n + o*n - 12. Calculate c(-11).
-1
Let z(w) be the second derivative of w**5/20 + w**4 - w**3/2 - 5*w**2 - 1979*w. What is z(-12)?
26
Let m(k) = -6*k + 4213 - 1411 - 1411 - 1410. Determine m(-8).
29
Let b(a) = a + 2. Let u be b(-5). Let p(x) be the third derivative of -x**4/24 - x**3 + x**2 - 875. Determine p(u).
-3
Let v(t) = 40*t - 21. Let r(b) = 23*b - 12. Let z(h) = -7*r(h) + 4*v(h). Let f(g) = -g**2 - 5*g - 5. Let d be f(-6). Give z(d).
11
Let s(l) = -7*l + 11. Let q be -4*((-36)/16 + 2). Let o be s(q). Let m(x) = -5 + 4 + 2 + 2*x. Calculate m(o).
9
Suppose 0 = 4*y - 12, -3*m = -5*y - 106 + 103. Let x(s) = -5*s - 16. Let a(n) = 14*n + 47. Let u(c) = -6*a(c) - 17*x(c). Calculate u(m).
-4
Let i(o) = -65*o**2 + 41*o - 58. Let c(k) = -37*k**2 + 20*k - 30. Let d(n) = 7*c(n) - 4*i(n). What is d(23)?
-1
Let g(m) = -3*m**2 + m. Let t(w) = -11*w**2 + 28*w - 36. Let a(d) = 3*g(d) - t(d). What is a(11)?
3
Suppose 3*a = 5*a - 2*p + 4, -3*a - 55 = 4*p. Let r(f) = 34*f + 307. What is r(a)?
1
Let o = -5109 - -5113. Let n(k) = 7*k - 17. Give n(o).
11
Let w be 8/12 - (-1)/3*16. Let p be (-6)/(-9) - ((-56)/w - -1). Let i(s) = -2 + 2*s - 3*s + 3 + p - s**2. Calculate i(0).
10
Let g(b) = 23*b**2 - 22*b**2 - 368 + 5*b + 373 + 0*b. What is g(-17)?
209
Let j be 45 + 8/2*-1. Suppose -j*i = -43*i. Let v(m) = 1 + 2 + 3*m + i - 1. Determine v(5).
17
Let o(v) be the first derivative of v**3/6 + 5*v**2/2 + 189*v - 143. Let m(w) be the first derivative of o(w). Give m(0).
5
Let b(n) = 16*n + 9. Let w be b(6). Suppose 0 = -13*l - 8*l - w. Let g(v) = -v**2 - 5*v. Give g(l).
0
Let v be 3708/66 + 1 + (-2)/11. Let b = 48 - v. Let m be (9*(-3)/b)/((-9)/6). Let q(l) = -2*l**3 + 3*l**2 + 4*l + 2. Determine q(m).
22
Let z(h) = h**3 - 14*h**2 - 79*h + 955. Let d be z(15). Let n(s) = 3*s**2 - 3*s + 8. Let r(m) = -m**2 - m - 1. Let a(x) = n(x) + 4*r(x). Calculate a(d).
14
Let p(j) = 4*j + 1. Let a be (-2)/5 + (-57304)/190. Let h = a + 304. Calculate p(h).
9
Let q(d) = -2*d - 5. Suppose 2*k = -2*u + 18, 0 = 2*k - k - 4. Let r be u/(105/6) + 44/(-7). Let a be -10*(2/(-4) + (-9)/r). What is q(a)?
15
Suppose 13*l - 6 = 5*s + 17*l, -4*s - 5*l - 12 = 0. Let y(r) = -r**3 + 9*r**2 - 5*r + 7. Let x(u) = -u**2 - u - 1. Let o(z) = s*x(z) + y(z). What is o(6)?
-1
Let a(u) = -6*u - 129. Let w be a(-22). Suppose -2*n + 28 = w*z - 1, -z - n = -9. Let v(t) = t**2 - 8*t + 3. Calculate v(z).
36
Let i be 228/(-48) + (-1)/4. Let a(w) be the second derivative of 0*w**2 + 5*w - 1/2*w**4 - 1/2*w**3 + 0 - 1/20*w**5. Determine a(i).
-10
Let w(i) = -2*i**2 + 17*i - 16. Suppose -5*k - 13 = f, -f - 3*f = k - 24. Let h(y) = -y**2 + 6*y - 5. Let v(n) = f*h(n) - 2*w(n). Give v(5).
-38
Let i(f) be the second derivative of f**4/4 - f**3/3 - 7*f. Suppose -19*z = -17*z - 20. Let d be (-12)/(-4) - (z + -1) - -4. Give i(d).
16
Let r(x) = -2 + 1345*x - 2685*x - x**2 + 19 + 1343*x. Let h be (2/4)/(1/12). Let j be r(h). Let p(y) = -3*y + 1. What is p(j)?
4
Suppose -y = 3*w - 31, 0*y = w + 5*y - 29. Let r(j) = 15*j**2 + 15*j**2 + 17*j**2 + 16 - 46*j**2 + w. Calculate r(0).
25
Let o(n) = 2*n**2 + 1. Let k(m) = -m**3 - 64*m**2 - 130*m - 365. Let t be k(-62). Let a = 0 - -1. Suppose -t*b = a - 8. Give o(b).
3
Let m be (8 + -26)*1*(-4)/12. Let z(q) = q**2 - 140*q + q**2 + 0*q**2 - q**2 + m + 137*q. What is z(2)?
4
Let g(k) = -104699 - 3*k + 104707 + 7*k. What is g(20)?
88
Let y(t) = -t**3 + 3*t**2 + 19*t - 14. Let s(l) = l**3 - 2*l**2 - 21*l + 15. Let k(u) = 7*s(u) + 8*y(u). What is k(10)?
43
Let b(i) = -125*i + 337878 - 676561 + 338058. Determine b(-5).
0
Let x(w) be the first derivative of -5*w**3 + w + 145. Let f = -71 - -72. What is x(f)?
-14
Let a(q) = -q**3 - 5*q**2 - 6*q - 2. Let p = 881 - 884. Calculate a(p).
-2
Suppose 2*v + 24 = 6*v. Let o(a) = 258532*a + 12 - 517062*a + 258534*a - a**2. Give o(v).
0
Let h(y) = -y**3 + 19*y**2 + 20*y + 15. Suppose 155*n - 235 = 1116 + 1749. Give h(n).
15
Let y(v) = -9 - 530*v + 4 - v**2 - 3 - 15 + 540*v. What is y(8)?
-7
Let j(h) = -4*h + 3*h + 456468 - 456470 + 0*h. Suppose 0 = 5*k - 9 + 29. Calculate j(k).
2
Let l(h) be the third derivative of h**5/60 + 2